 - 162. Let u(n) = -n**3 - 24*n**2 + 24*n - 13. What is the remainder when k is divided by u(j)?
9
Let d(i) = i**2 - 23*i + 128. Let a be d(9). Let b(n) = 8*n**2 + 10*n - 29. Calculate the remainder when 296 is divided by b(a).
20
Let c = 1777 - 1771. What is the remainder when 1789 is divided by c?
1
Let z(a) = 3*a**3 + 32*a**2 + 14*a - 18. Let p be ((-52)/8 - -6)/((-1)/(-20)). Calculate the remainder when 74 is divided by z(p).
32
Suppose 0 = -5*y + y - 5*c + 97, -y + 8 = -2*c. Let q = -1319 - -942. Let n = q + 444. What is the remainder when n is divided by y?
13
Suppose 202*f - 132*f - 11900 = 0. Calculate the remainder when 339 is divided by f.
169
Suppose 2*f + 20 = -4*r, -2*f + 8 = -5*r + 2*r. What is the remainder when -1*(f/1 + -5) is divided by 7?
0
Let f(i) = 88*i + 4263. Calculate the remainder when 620 is divided by f(-47).
112
Suppose -9 = -7*r + 54. Suppose 0 = -r*s - 121 + 427. Calculate the remainder when s is divided by 7.
6
Let l(u) = -6*u - 152. Calculate the remainder when 1510 is divided by l(-28).
6
Let q = -139 + 172. Suppose 2*a = -5*p + 105, -2*p = -2*a - 3*p + 125. Calculate the remainder when a is divided by q.
32
Let j(q) = -3*q - 1. Let k be j(-3). Suppose -r + 4*l - 8*l + 12 = 0, 4*r - 4*l = -52. What is the remainder when 158/k + (-2)/r is divided by 12?
8
Let o = -772 - -272. Let j = o - -805. What is the remainder when j is divided by 22?
19
Let n(q) = 5*q**2 + 5*q - 1. Suppose 2*d = -38*d + 8*d + 160. Calculate the remainder when n(-5) is divided by d.
4
Let u = 194 - 182. Suppose 0 = f - 19 - u. Suppose 0 = 3*r - 205 - 161. What is the remainder when r is divided by f?
29
Suppose 5*f = 3*y - 266, -27*f = 5*y - 24*f - 398. What is the remainder when 197 is divided by y?
33
Let n be 66/(-176) - (-54)/16. Suppose 6*l - 37 = -3*x + 2*l, 3*x - 4*l - 5 = 0. Let w = n + x. Calculate the remainder when 27 is divided by w.
7
Suppose -4*x - 3*v - 365 = 0, 3*v = v + 10. Let c = 140 + x. What is the remainder when c is divided by 8?
5
Let y(q) = 20*q + 1048. Suppose -3*v + 241 = 3*u - 5*v, -5*u - 2*v = -391. Calculate the remainder when u is divided by y(-51).
23
Suppose 16*q = 280 - 152. Let s(c) = c**2 - 4*c + 20. Calculate the remainder when 569 is divided by s(q).
49
Let o = 3299 + -3087. Calculate the remainder when 647 is divided by o.
11
Calculate the remainder when 333 is divided by (-15)/6*(-5828)/310.
4
Let h(z) = -213*z + 6. Calculate the remainder when 195 is divided by h(0).
3
Let y(m) = 3*m**2 + m. Let j be y(-1). Suppose j*g - 48 = 18. Let l = 203 - 199. What is the remainder when g is divided by l?
1
Suppose 2*c + 3*z - 6 - 47 = 0, -4*z - 88 = -3*c. Calculate the remainder when 357 is divided by c.
21
Let o(z) = -z**3 + 31*z**2 - 26*z - 102. Let r be o(30). Suppose 32*h - 558 - r = 0. What is the remainder when -2 + 50 + 2*1 is divided by h?
14
Let c(o) = -o**3 + 19*o**2 + 22*o - 4. Let r(h) = -h**3 + 17*h**2 + 20*h - 3. Let z(n) = -6*c(n) + 7*r(n). Calculate the remainder when 62 is divided by z(6).
2
Suppose 146 + 1065 = 16*d + 267. Let x be 2 - 4 - (1 - 3). Suppose -4*t + w + x*w = -120, -5*w = 3*t - 90. Calculate the remainder when d is divided by t.
29
Let p(l) = -2*l**2 + 45*l - 135. Let w be p(23). Suppose 0 = 4*t - t + 312. Let z = t - w. What is the remainder when z is divided by 14?
12
Let z = 197895 - 197853. Let j = 14 + -9. What is the remainder when z is divided by j?
2
Suppose -134*x = -121*x - 6591. Let r = x + -320. What is the remainder when r is divided by 38?
35
Let x(p) = 81*p + 1707. Let y = -7 - -20. What is the remainder when y is divided by x(-21)?
1
Let p be (668/5)/(4/10). Let z = p - 284. Calculate the remainder when z is divided by 30.
20
Calculate the remainder when 921 is divided by (7/(-5))/(180/(-30) + (-29)/(-5)).
4
Suppose 1144 = 35*y - 9951. Calculate the remainder when y is divided by 0*5/15 - -64.
61
Suppose -5*m = -w + 3, -5*w + 5*m = 4*m + 9. What is the remainder when 33 + 38 + w*2 is divided by 142/6 + (-5)/(-15)?
19
Let o = -314 - -240. Let w = 117 + o. What is the remainder when 169 is divided by w?
40
Calculate the remainder when (15 - 161835/(-150)) + 2/20 is divided by 5.
4
Let z(m) = 3*m + 67. Let f = 307 + -328. Calculate the remainder when 155 is divided by z(f).
3
Let b be (10/6)/(3/9). Let l be ((-30)/25)/((-1)/35). Let m = l - b. Calculate the remainder when 72 is divided by m.
35
Suppose 0 = -n - 5*h + 77, 2*n - 166 = 4*h - 26. What is the remainder when 25 is divided by 129/18 + (-12)/n?
4
Let n(u) = -22*u**2 - 1176*u - 2689. Let l be (0/2)/((-4)/(-2)). Suppose l = -s + 2 + 15. Calculate the remainder when n(-51) is divided by s.
14
Let u(b) = 174*b**2 + 5*b - 3. Let j be u(1). Suppose -2*f + j = 120. What is the remainder when 220 is divided by f?
24
Suppose -3*a + a + 6 = 0. Let w(r) = -7*r + 0*r + a*r + 8*r**2. What is the remainder when w(2) is divided by 14?
10
Suppose -5*i = 2*v - 67 + 8, -4*v - 5*i + 103 = 0. Let o = -20 + 17. What is the remainder when v is divided by 3/(-3)*o - -3?
4
Suppose 4*q - 10*q = 402. Let i = 70 + q. Suppose -124 = -o + i*f, -4*f - 172 + 544 = 3*o. Calculate the remainder when o is divided by 21.
19
Suppose 0 = 69*p - 9308 - 26365. Calculate the remainder when p is divided by 60.
37
Suppose 0 = 2*o + 44*a - 41*a - 570, 2*a - 285 = -o. Calculate the remainder when 4283 is divided by o.
8
Let u = 745 + -439. What is the remainder when u is divided by -3 - (-81 - -6) - (-10)/2?
75
Let k = -874 - -1319. What is the remainder when k is divided by 24?
13
Suppose -3*k + k = -2*h + 160, -h + 2*k + 83 = 0. What is the remainder when h is divided by -45 + 46 + (-18)/12*48/(-9)?
5
Let q(b) = -1335*b - 5304. What is the remainder when 1244 is divided by q(-4)?
20
Suppose k - 14*k - 507 = 0. What is the remainder when 284 is divided by k*(5 + (-136)/24)?
24
Let x = 5850 - 5829. Calculate the remainder when 879 is divided by x.
18
Let p = 4094 - 3915. Calculate the remainder when 708 is divided by p.
171
Suppose -1704 = -17*o + 25*o. Let l = -169 - o. What is the remainder when l is divided by 12?
8
Let b(r) = 8*r + 2. Let i be b(-5). Suppose -1606*c - 360 = -1636*c. Calculate the remainder when (-1)/(1/i*2) is divided by c.
7
Let j = 12 + -12. Let m = 9 + 1. Calculate the remainder when 30 - (2 + (2 - j)) is divided by m.
6
Let a(f) = -f + 19. Let g be a(11). Suppose 7*t + g = 11*t. Calculate the remainder when ((260/(-2))/(-1))/t is divided by 34.
31
Let n = -30924 - -31202. Calculate the remainder when 12787 is divided by n.
277
Let f(q) = q**2 + 6*q + 3. Let b be f(-6). Suppose 4*t = 3*t + b. Suppose t*y - 4 = y. Calculate the remainder when 3 is divided by y.
1
Let x = -604 + 944. Suppose -2*h - 77 = -3*h - 2*t, 5*h + t = x. Let y = 19085 - 19061. Calculate the remainder when h is divided by y.
19
Let a(j) = -3*j - 11. Let y(b) = 3*b + 11. Let w(v) = -5*a(v) - 6*y(v). Let s = 1865 - 1872. Calculate the remainder when 47 is divided by w(s).
7
Suppose -37*x - 210 = -42*x. Let u = x - 30. Suppose -4*a + 16 = 4*j, 3*j + a = -a + u. What is the remainder when 23 is divided by j?
3
Suppose -3*w - 8 = -p - 123, 0 = -5*p + 25. Let y be 6118/(-57) + (1 - (-2)/(-3)). Let o = y + 121. What is the remainder when w is divided by o?
12
Let h(s) be the first derivative of s**3/3 + 9*s**2 + 34*s + 23. Let f(r) = r**3 + 8*r**2 - 12*r - 9. Calculate the remainder when h(-19) is divided by f(-9).
17
Let y(g) = -g**2 - 6*g + 9. Let h be y(-7). Suppose -6 + 6 = -h*m. Suppose m = -4*p - 102 + 698. Calculate the remainder when p is divided by 38.
35
Let v(d) = 3*d**2 + 158*d - 1211. Let o(l) = -l - 8. Let a(x) = -x - 8. Let r(m) = 6*a(m) - 7*o(m). What is the remainder when v(7) is divided by r(8)?
10
Let h(r) = -4*r + 16. Let o be h(4). Suppose -4*g + 5*j + 26 = o, 4*g - j - 4 = 14. Let i(p) = 4*p + 7. What is the remainder when 113 is divided by i(g)?
21
Let f = 178 + -154. Let u = f - -11. What is the remainder when 347 is divided by u?
32
Let z(q) = q**3 + 25*q**2 - 145*q - 9. Suppose 2*v = -n + 34, -10 = -7*v + 2*v. Calculate the remainder when n is divided by z(5).
14
Suppose 0 = -4*a - 4*m + 544, 5*m + 146 = a + 4*m. Let p = 197 - a. Let l = p - 35. Calculate the remainder when 61 is divided by l.
19
Let a(x) = 20*x - 201. Let p be a(18